ermine b(2).
317
Let v(z) = -1306*z + 50799. What is v(39)?
-135
Let p(r) = 7*r**2 - 1505*r + 80133. Give p(118).
11
Let n(f) = 9567*f - 24257. What is n(3)?
4444
Let l(r) = 5*r**3 - 7*r**2 - 10*r + 42. Calculate l(3).
84
Let t(v) = 1018*v + 141493. Determine t(-139).
-9
Let j(p) = -115*p + 3134. Give j(26).
144
Let a(m) = m**3 + 167*m**2 - 1540*m - 230494. What is a(-168)?
2
Let u(k) = 11996*k - 36982. Calculate u(3).
-994
Let j(l) = 22*l**3 + 3414*l**2 + 619*l + 185. Calculate j(-155).
340
Let r(y) = -61*y**2 + 209*y + 689. Calculate r(-2).
27
Let z(p) = p**3 + 133*p**2 + 1626*p + 7894. What is z(-120)?
-26
Let t(r) = 2746*r + 5980. Calculate t(-2).
488
Let i(z) = 2*z**3 + 28*z**2 + 434*z + 6121. Give i(-14).
45
Let s(l) = 25500*l - 1632049. Give s(64).
-49
Let n(u) = -499*u + 36479. Calculate n(73).
52
Let o(g) = g**2 - 8581*g - 146028. Determine o(-17).
138
Let n(i) = -i**3 + 11*i**2 + 1137*i - 8164. Determine n(7).
-9
Let u(x) = 4790*x + 177375. Calculate u(-37).
145
Let c(n) = 10*n**2 + 11*n - 1084. Calculate c(-11).
5
Let j(a) = -a**3 - 257*a**2 + 157*a + 40348. Calculate j(-257).
-1
Let a(z) = -3*z**3 + 742*z**2 - 255*z - 1285. What is a(247)?
-3261
Let x(l) = l**3 - 95*l**2 + 2674*l - 105160. Calculate x(78).
-16
Let y(q) = q**3 + 34*q**2 - 41*q + 621. Determine y(-31).
4775
Let m(n) = 2*n**3 - 2*n**2 - 34*n - 168. Give m(-9).
-1482
Let p(u) = 8*u**3 + 106*u**2 - 128*u - 653. Determine p(-14).
-37
Let m(c) = -579*c + 2482. Give m(7).
-1571
Let i(x) = 4*x**2 - 4542*x + 266216. What is i(62)?
-12
Let c(d) = -3941*d - 40825. Give c(-11).
2526
Let g(c) = -10833*c + 123358. Calculate g(11).
4195
Let r(b) = -b**2 + 625*b - 19541. Determine r(33).
-5
Let w(h) = -105*h - 11190. Calculate w(-106).
-60
Let c(b) = -64*b + 2033. Determine c(42).
-655
Let o(l) = -l**3 - 15*l**2 + 305*l - 1645. Give o(-28).
7
Let y(n) = 5*n**2 + 4737*n + 56128. Determine y(-12).
4
Let q(f) = f**3 - 6*f**2 - 972*f - 6171. What is q(-7)?
-4
Let g(d) = d**3 + 8*d**2 - 124*d - 761. Give g(-11).
240
Let s(n) = n**3 + 323*n**2 - 127*n - 45088. Give s(-323).
-4067
Let h(p) = -37927*p - 113892. Determine h(-3).
-111
Let o(i) = 18249*i + 2573143. What is o(-141)?
34
Let u(j) = -100117*j + 4004751. Give u(40).
71
Let x(i) = -i**3 + 10*i**2 + 289*i + 26. Determine x(23).
-204
Let z(y) = -49*y**2 + 3834*y + 100693. What is z(99)?
10
Let h(j) = 144*j + 2200. Calculate h(-15).
40
Let y(d) = 3*d**2 + 569*d + 26377. Give y(-81).
-29
Let o(s) = s**3 - 62*s**2 - 1053*s + 12217. Determine o(74).
7
Let x(y) = -9*y**3 + 580*y**2 - 1365*y - 1. Calculate x(62).
-63
Let w(i) = -66683*i + 200019. What is w(3)?
-30
Let n(z) = z**3 - 122*z - 31910. Give n(33).
1
Let z(c) = c**3 + 64*c**2 - 565*c + 148. Give z(-72).
-644
Let v(t) = 2508*t + 30176. What is v(-12)?
80
Let y(c) = c**3 - 39*c**2 + 181*c - 3902. Give y(37).
57
Let h(j) = 15*j**2 + 8439*j - 16876. Determine h(2).
62
Let x(v) = -317*v**2 - 10468*v - 48. Determine x(-33).
183
Let m(k) = 2*k**2 - 1869*k + 9305. What is m(5)?
10
Let p(x) = 9950*x**2 - 69699*x + 337. What is p(7)?
-6
Let v(a) = 1088*a**2 + 322051*a + 914. What is v(-296)?
26
Let h(n) = -2*n**3 + 35*n**2 + 5*n + 128. Calculate h(18).
-106
Let l(c) = 8*c**2 + 22*c - 1637. Give l(-15).
-167
Let f(g) = 489278*g + 3914226. Determine f(-8).
2
Let z(a) = -490*a - 19872. Determine z(-46).
2668
Let t(g) = 24*g**2 + 548*g + 78. Determine t(-23).
170
Let x(v) = -v**2 - 906*v - 4509. Calculate x(-5).
-4
Let u(n) = 2196*n + 143034. Give u(-65).
294
Let o(j) = j**2 + 3261*j + 22805. Determine o(-7).
27
Let p(a) = a**3 - 37*a**2 - 25*a - 904. What is p(38)?
-410
Let f(n) = -4*n**2 - 221*n - 2936. Calculate f(-48).
-1544
Let n(t) = -2*t**2 + 330*t - 4924. Give n(16).
-156
Let j(g) = 8903*g + 106843. Give j(-12).
7
Let y(u) = 360*u + 179667. What is y(-499)?
27
Let x(f) = -1159*f + 15021. Calculate x(13).
-46
Let m(t) = -10363*t - 507767. What is m(-49)?
20
Let b(q) = 16481*q + 1499812. What is b(-91)?
41
Let f(k) = -21833*k + 523995. Calculate f(24).
3
Let a(q) = -3310*q + 132396. Determine a(40).
-4
Let d(q) = 326*q**2 + 9769*q - 310. Give d(-30).
20
Let v(h) = -h**2 - 15551*h + 451822. Calculate v(29).
2
Let z(v) = 1694*v + 21252. What is z(-12)?
924
Let r(t) = t**2 - 3434*t - 107401. Calculate r(-31).
14
Let h(y) = -y**2 - 52129*y + 3079105. Give h(59).
13
Let r(a) = 12*a**3 - 5*a**2 - 997*a + 3972. Give r(4).
672
Let r(m) = 3*m**2 + 4*m - 2097. Calculate r(-38).
2083
Let p(i) = 3659*i - 600669. Determine p(164).
-593
Let g(f) = f**3 - 13*f**2 + 140*f - 1810. Give g(13).
10
Let z(x) = 362*x**2 + 1836*x - 15. Give z(-5).
-145
Let p(m) = -m**3 + 7*m**2 + 42*m - 286. Calculate p(5).
-26
Let j(n) = 10936*n + 710815. Determine j(-65).
-25
Let j(p) = -7*p**2 - 760*p - 3528. Determine j(-104).
-200
Let z(g) = 14*g**2 - 5481*g + 8218. Determine z(390).
28
Let y(a) = 1076*a + 6392. Calculate y(-6).
-64
Let t(y) = -2*y**3 + 116*y**2 + 1249*y - 53864. Determine t(61).
-1
Let c(s) = 2*s**3 + 21*s**2 - 1775*s + 2208. Give c(-36).
12
Let c(b) = 509*b + 3772. What is c(-8)?
-300
Let o(u) = 8*u**2 + 1327*u - 429. What is o(-165)?
-1584
Let t(x) = -x**2 - 451*x + 45515. Give t(85).
-45
Let l(r) = -10*r**2 - 38*r + 372. Give l(8).
-572
Let k(b) = -23*b**2 + 35*b + 17. Calculate k(0).
17
Let w(n) = -436*n**2 + 27448*n + 1307. Determine w(63).
47
Let t(l) = 6094*l - 5161637. What is t(847)?
-19
Let s(p) = -755474*p - 3777372. Give s(-5).
-2
Let c(k) = 93*k**3 + 283*k**2 + 13*k + 49. Determine c(-3).
46
Let s(h) = -3*h**2 + 744*h - 5666. Determine s(240).
94
Let p(z) = -10133*z + 334487. Give p(33).
98
Let x(c) = -c**3 - 1523*c**2 + 13887*c + 151681. What is x(-1532)?
13
Let j(q) = 8*q**3 + 979*q**2 - 1755*q - 17733. Determine j(-124).
-1
Let t(s) = -45*s**2 + 526*s - 1562. Determine t(6).
-26
Let u(m) = -m**2 - 6352*m + 770096. Calculate u(119).
47
Let x(p) = -3983*p + 4349442. Give x(1092).
6
Let a(m) = 2*m**3 + 486*m**2 - 233*m + 62217. Determine a(-244).
-3
Let c(v) = -4038*v + 56501. Give c(14).
-31
Let q(u) = 6*u**2 + 872*u - 13841. Calculate q(-160).
239
Let k(l) = l**3 - 198*l**2 + 1398*l - 47255. Determine k(192).
-23
Let g(i) = -6*i**2 + 138*i - 1638. Calculate g(9).
-882
Let o(i) = -5*i**3 + 37*i**2 + 1119*i - 334. Calculate o(19).
-11
Let r(d) = 67*d**3 + 2*d**2 + 10*d + 12. Give r(-3).
-1809
Let s(v) = 4*v**3 - 217*v**2 + 1331*v - 68952. Calculate s(54).
6
Let c(a) = -1151364*a - 6908191. Calculate c(-6).
-7
Let r(u) = u**3 - 25*u**2 - 106*u + 89. What is r(23)?
-3407
Let q(k) = 12*k**3 + 85*k**2 - 1100*k - 7716. What is q(-7)?
33
Let g(p) = -271*p - 15286. Determine g(-66).
2600
Let f(c) = 6*c**2 + 119*c - 1349. What is f(9)?
208
Let v(k) = -165*k**2 - 25*k - 2612. Give v(0).
-2612
Let k(d) = -6*d**2 - 6879*d - 360224. Give k(-55).
-29
Let q(k) = 279*k**3 + 3346*k**2 + 50*k + 890. Give q(-12).
2
Let p(a) = -26706*a - 267105. Give p(-10).
-45
Let d(p) = -p**2 - 6335*p - 233081. What is d(-37)?
-55
Let t(g) = -g**3 - 131*g**2 - 374*g + 298. What is t(-128)?
-982
Let y(d) = 56287*d + 7092171. What is y(-126)?
9
Let f(d) = -104*d**3 - 636*d**2 - 55*d + 95. Determine f(-6).
-7
Let i(o) = o**3 + 58*o**2 + 49*o - 738. What is i(-57)?
-282
Let c(g) = -2413*g + 101797. What is c(42)?
451
Let o(x) = 8*x**3 + 330*x**2 + 1326*x + 1. What is o(-4)?
-535
Let m(n) = -n**2 - 167*n + 2164. What is m(12)?
16
Let q(h) = -316517*h - 3165174. What is q(-10)?
-4
Let m(z) = z**3 + 33*z**2 - z - 1042. What is m(-32)?
14
Let a(f) = -8654*f + 6871398. Calculate a(794).
122
Let k(s) = 2*s**3 - 5*s**2 - 1265*s - 7928. Calculate k(-7).
-4
Let z(g) = 1048*g**2 + 5235*g - 21. What is z(-5)?
4
Let a(b) = b**2 + 507*b + 28751. Calculate a(-65).
21
Let q(n) = 480*n**2 - 12474*n - 159. Determine q(26).
-3
Let l(j) = -8185*j + 24545. Give l(3).
-10
Let i(b) = -26659*b - 639823. Give i(-24).
-7
Let g(d) = 26635*d + 2583586. Determine g(-97).
-9
Let d(f) = -2*f**3 + 40*f**2 + 318*f - 5036. Give d(22).
24
Let o(t) = -10*t**3 + 1324*t**2 - 3859*t - 68. Give o(3).
1
Let p(v) = -642*v + 935. What is p(1)?
293
Let h(b) = b**3 + 11*b**2 - 1818*b - 20047. Calculate h(-11).
-49
Let t(y) = y**3 - 42*y**2 + 514*y - 1544. What is t(16)?
24
Let f(a) = -5682588*a - 45460705. Calculate f(-8).
-1
Let z(n) = 96482*n + 192869. What is z(-